?
2, 5, 1217
What are the prime factors of 2228?
2, 557
What are the prime factors of 32498?
2, 16249
List the prime factors of 9714.
2, 3, 1619
What are the prime factors of 670?
2, 5, 67
What are the prime factors of 4622?
2, 2311
What are the prime factors of 272?
2, 17
List the prime factors of 30020.
2, 5, 19, 79
What are the prime factors of 57249?
3, 6361
List the prime factors of 2269.
2269
What are the prime factors of 2022?
2, 3, 337
What are the prime factors of 14109?
3, 4703
What are the prime factors of 6803?
6803
List the prime factors of 59716.
2, 14929
What are the prime factors of 13355?
5, 2671
What are the prime factors of 1042?
2, 521
List the prime factors of 8235.
3, 5, 61
What are the prime factors of 75?
3, 5
List the prime factors of 11876.
2, 2969
What are the prime factors of 2696?
2, 337
List the prime factors of 1170.
2, 3, 5, 13
What are the prime factors of 17404?
2, 19, 229
What are the prime factors of 1063?
1063
List the prime factors of 8007.
3, 17, 157
What are the prime factors of 29010?
2, 3, 5, 967
What are the prime factors of 1930?
2, 5, 193
List the prime factors of 9299.
17, 547
What are the prime factors of 1375?
5, 11
List the prime factors of 11250.
2, 3, 5
List the prime factors of 13834.
2, 6917
List the prime factors of 10052.
2, 7, 359
What are the prime factors of 2556?
2, 3, 71
What are the prime factors of 2370?
2, 3, 5, 79
List the prime factors of 733.
733
List the prime factors of 183.
3, 61
List the prime factors of 634.
2, 317
What are the prime factors of 1151?
1151
What are the prime factors of 2628?
2, 3, 73
List the prime factors of 7330.
2, 5, 733
List the prime factors of 2204.
2, 19, 29
List the prime factors of 798.
2, 3, 7, 19
List the prime factors of 944.
2, 59
What are the prime factors of 568?
2, 71
List the prime factors of 77493.
3, 13, 1987
What are the prime factors of 739?
739
List the prime factors of 666.
2, 3, 37
List the prime factors of 1339.
13, 103
What are the prime factors of 42039?
3, 173
List the prime factors of 136321.
23, 5927
What are the prime factors of 20276?
2, 37, 137
What are the prime factors of 30974?
2, 17, 911
List the prime factors of 574.
2, 7, 41
List the prime factors of 8532.
2, 3, 79
What are the prime factors of 94273?
94273
List the prime factors of 111992.
2, 13999
What are the prime factors of 82?
2, 41
What are the prime factors of 769?
769
List the prime factors of 25510.
2, 5, 2551
What are the prime factors of 30836?
2, 13, 593
List the prime factors of 8664.
2, 3, 19
What are the prime factors of 12899?
12899
What are the prime factors of 2394?
2, 3, 7, 19
List the prime factors of 137111.
13, 53, 199
What are the prime factors of 3530?
2, 5, 353
List the prime factors of 1908.
2, 3, 53
What are the prime factors of 504?
2, 3, 7
What are the prime factors of 274?
2, 137
What are the prime factors of 867?
3, 17
List the prime factors of 41242.
2, 17, 1213
What are the prime factors of 17501?
11, 37, 43
List the prime factors of 23361.
3, 13, 599
What are the prime factors of 20911?
11, 1901
List the prime factors of 9958.
2, 13, 383
What are the prime factors of 4941?
3, 61
What are the prime factors of 6938?
2, 3469
List the prime factors of 890.
2, 5, 89
What are the prime factors of 466?
2, 233
List the prime factors of 1100.
2, 5, 11
What are the prime factors of 112670?
2, 5, 19, 593
List the prime factors of 11204.
2, 2801
What are the prime factors of 3335?
5, 23, 29
What are the prime factors of 19?
19
What are the prime factors of 155617?
7, 11, 43, 47
List the prime factors of 414.
2, 3, 23
What are the prime factors of 29809?
13, 2293
What are the prime factors of 4095?
3, 5, 7, 13
What are the prime factors of 1530?
2, 3, 5, 17
List the prime factors of 1375.
5, 11
List the prime factors of 41225.
5, 17, 97
List the prime factors of 36198.
2, 3, 2011
What are the prime factors of 2382?
2, 3, 397
What are the prime factors of 35?
5, 7
What are the prime factors of 9660?
2, 3, 5, 7, 23
List the prime factors of 1266.
2, 3, 211
What are the prime factors of 292?
2, 73
List the prime factors of 1283.
1283
List the prime factors of 14542.
2, 11, 661
What are the prime factors of 13890?
2, 3, 5, 463
List the prime factors of 5459.
53, 103
List the prime factors of 48328.
2, 7, 863
List the prime factors of 75313.
7, 29, 53
What are the prime factors of 10880?
2, 5, 17
List the prime factors of 31788.
2, 3, 883
List the prime factors of 509.
509
List the prime factors of 889.
7, 127
List the prime factors of 233.
233
What are the prime factors of 43819?
29, 1511
What are the prime factors of 49449?
3, 53, 311
What are the prime factors of 61819?
61819
List the prime factors of 150489.
3, 23, 727
List the prime factors of 1044.
2, 3, 29
What are the prime factors of 1993?
1993
List the prime factors of 66447.
3, 23, 107
List the prime factors of 5296.
2, 331
What are the prime factors of 1819?
17, 107
List the prime factors of 422.
2, 211
List the prime factors of 16404.
2, 3, 1367
What are the prime factors of 25955?
5, 29, 179
List the prime factors of 838.
2, 419
List the prime factors of 148269.
3, 11, 4493
What are the prime factors of 3713?
47, 79
List the prime factors of 990.
2, 3, 5, 11
What are the prime factors of 1523?
1523
List the prime factors of 44056.
2, 5507
List the prime factors of 10355.
5, 19, 109
What are the prime factors of 881?
881
List the prime factors of 61319.
17, 3607
List the prime factors of 22913.
11, 2083
What are the prime factors of 45434?
2, 22717
What are the prime factors of 67682?
2, 43, 787
What are the prime factors of 1618?
2, 809
What are the prime factors of 34711?
103, 337
What are the prime factors of 11001?
3, 19, 193
What are the prime factors of 1036?
2, 7, 37
What are the prime factors of 1342?
2, 11, 61
What are the prime factors of 11908?
2, 13, 229
List the prime factors of 1799.
7, 257
List the prime factors of 26076.
2, 3, 41, 53
List the prime factors of 3243.
3, 23, 47
List the prime factors of 12431.
31, 401
List the prime factors of 14145.
3, 5, 23, 41
List the prime factors of 23256.
2, 3, 17, 19
What are the prime factors of 3759?
3, 7, 179
List the prime factors of 29712.
2, 3, 619
List the prime factors of 1457.
31, 47
List the prime factors of 79062.
2, 3, 13177
List the prime factors of 10828.
2, 2707
List the prime factors of 58425.
3, 5, 19, 41
What are the prime factors of 31269?
3, 7, 1489
List the prime factors of 14879.
14879
List the prime factors of 163398.
2, 3, 113, 241
List the prime factors of 1079.
13, 83
What are the prime factors of 890?
2, 5, 89
What are the prime factors of 893?
19, 47
List the prime factors of 938.
2, 7, 67
List the prime factors of 1721.
1721
What are the prime factors of 1136?
2, 71
What are the prime factors of 7051?
11, 641
What are the prime factors of 74?
2, 37
List the prime factors of 603.
3, 67
What are the prime factors of 26329?
113, 233
What are the prime factors of 7741?
7741
What are the prime factors of 1060?
2, 5, 53
List the prime factors of 7179.
3, 2393
What are the prime factors of 88038?
2, 3, 67, 73
What are the prime factors of 17467?
17467
What are the prime factors of 29774?
2, 14887
List the prime factors of 25925.
5, 17, 61
What are the prime factors of 3129?
3, 7, 149
List the prime factors of 61617.
3, 19, 23, 47
What are the prime factors of 55133?
13, 4241
List the prime factors of 5943.
3, 7, 283
What are the prime factors of 42876?
2, 3, 397
List the prime factors of 3494.
2, 1747
List the prime factors of 10706.
2, 53, 101
List the prime factors of 61672.
2, 13, 593
List the prime factors of 729.
3
List the prime factors of 122034.
2, 3, 11, 43
What are the prime factors of 26086?
2, 13043
List the prime factors of 189.
3, 7
List the prime factors of 5994.
2, 3, 37
What are the prime factors of 5824?
2, 7, 13
List the prime factors of 8748.
2, 3
What are the prime factors of 1937?
13, 149
What are the prime factors of 11236?
2, 53
List the prime factors of 635.
5, 127
List the prime factors of 6905.
5, 1381
What are the prime factors of 5302?
2, 11, 241
List the prime factors of 75091.
61, 1231
What are the prime factors of 12912?
2, 3, 269
List the prime factors of 26619.
3, 19, 467
Wha